{"id":21,"date":"2021-12-28T09:05:21","date_gmt":"2021-12-28T09:05:21","guid":{"rendered":"http:\/\/www.solar-karwia.pl\/?page_id=21"},"modified":"2026-01-28T13:52:27","modified_gmt":"2026-01-28T13:52:27","slug":"cennik","status":"publish","type":"page","link":"http:\/\/www.solar-karwia.pl\/index.php\/cennik\/","title":{"rendered":"Cennik"},"content":{"rendered":"\t\t<div data-elementor-type=\"wp-page\" data-elementor-id=\"21\" class=\"elementor elementor-21\" data-elementor-settings=\"[]\">\n\t\t\t\t\t\t\t<div class=\"elementor-section-wrap\">\n\t\t\t\t\t\t\t<section class=\"elementor-section elementor-top-section elementor-element elementor-element-01b7455 elementor-section-boxed elementor-section-height-default elementor-section-height-default\" data-id=\"01b7455\" data-element_type=\"section\">\n\t\t\t\t\t\t<div class=\"elementor-container elementor-column-gap-default\">\n\t\t\t\t\t<div class=\"elementor-column elementor-col-100 elementor-top-column elementor-element elementor-element-c42e424\" data-id=\"c42e424\" data-element_type=\"column\">\n\t\t\t<div class=\"elementor-widget-wrap elementor-element-populated\">\n\t\t\t\t\t\t\t\t<div class=\"elementor-element elementor-element-3073117 elementor-widget elementor-widget-heading\" data-id=\"3073117\" data-element_type=\"widget\" data-widget_type=\"heading.default\">\n\t\t\t\t<div class=\"elementor-widget-container\">\n\t\t\t<style>\/*! elementor - v3.5.2 - 22-12-2021 *\/\n.elementor-heading-title{padding:0;margin:0;line-height:1}.elementor-widget-heading .elementor-heading-title[class*=elementor-size-]>a{color:inherit;font-size:inherit;line-height:inherit}.elementor-widget-heading .elementor-heading-title.elementor-size-small{font-size:15px}.elementor-widget-heading .elementor-heading-title.elementor-size-medium{font-size:19px}.elementor-widget-heading .elementor-heading-title.elementor-size-large{font-size:29px}.elementor-widget-heading .elementor-heading-title.elementor-size-xl{font-size:39px}.elementor-widget-heading .elementor-heading-title.elementor-size-xxl{font-size:59px}<\/style><h4 class=\"elementor-heading-title elementor-size-large\"><b>cennik 2026<\/b><br><\/h4>\t\t<\/div>\n\t\t\t\t<\/div>\n\t\t\t\t\t<\/div>\n\t\t<\/div>\n\t\t\t\t\t\t\t<\/div>\n\t\t<\/section>\n\t\t\t\t<section class=\"elementor-section elementor-top-section elementor-element elementor-element-8b3a1f2 elementor-section-boxed elementor-section-height-default elementor-section-height-default\" data-id=\"8b3a1f2\" data-element_type=\"section\">\n\t\t\t\t\t\t<div class=\"elementor-container elementor-column-gap-default\">\n\t\t\t\t\t<div class=\"elementor-column elementor-col-100 elementor-top-column elementor-element elementor-element-4bc2954\" data-id=\"4bc2954\" data-element_type=\"column\">\n\t\t\t<div class=\"elementor-widget-wrap\">\n\t\t\t\t\t\t\t\t\t<\/div>\n\t\t<\/div>\n\t\t\t\t\t\t\t<\/div>\n\t\t<\/section>\n\t\t\t\t<section class=\"elementor-section elementor-top-section elementor-element elementor-element-437311a elementor-section-boxed elementor-section-height-default elementor-section-height-default\" data-id=\"437311a\" data-element_type=\"section\">\n\t\t\t\t\t\t<div class=\"elementor-container elementor-column-gap-default\">\n\t\t\t\t\t<div class=\"elementor-column elementor-col-100 elementor-top-column elementor-element elementor-element-50258c6\" data-id=\"50258c6\" data-element_type=\"column\">\n\t\t\t<div class=\"elementor-widget-wrap elementor-element-populated\">\n\t\t\t\t\t\t\t\t<div class=\"elementor-element elementor-element-6916b55 elementor-widget elementor-widget-html\" data-id=\"6916b55\" data-element_type=\"widget\" data-widget_type=\"html.default\">\n\t\t\t\t<div class=\"elementor-widget-container\">\n\t\t\t<div class=\"cennik\" style=\"display: flex; flex-direction: column; width:100%;!important; margin:0!important;\">\r\n\r\n  <div style=\"width:100%; display: flex; flex-direction: row; padding: 10px; font-weight: 600;\">\r\n    <span style=\"flex:3;\">\r\n    POKOJE<\/span>\r\n    <span style=\"flex:1; padding:2px; text-align: left;\">1 - 19.06<\/span> \r\n     <span style=\"flex:1; padding:2px; text-align: left;\">20.06- 5.07<\/span>\r\n     <span style=\"flex:1; padding:2px; text-align: left;\">6.07-23.08<\/span>\r\n    <span style=\"flex:1; padding:2px; text-align: left;\">24.08-31.08<\/span>\r\n    <span style=\"flex:1; padding:2px; text-align: left;\">1-13.09<\/span>\r\n    <span style=\"flex:1; padding:2px; text-align: left;\">-<\/span>\r\n    \r\n <\/div>\r\n\r\n  <div style=\"width:100%; display: flex; flex-direction: row; background-color: rgba(0, 0, 0, 0.1); padding: 10px;\">\r\n    <span style=\"flex:3 \"><b>2 os typu Standard<\/b><\/span>\r\n    <span style=\"flex:1\">300<\/span> \r\n      <span style=\"flex:1\">340<\/span>\r\n       <span style=\"flex:1\">380<\/span>\r\n    <span style=\"flex:1\">350<\/span>\r\n    <span style=\"flex:1\">300<\/span>\r\n    <span style=\"flex:1\">-<\/span>\r\n   \r\n  <\/div>\r\n  <div style=\"width:100%; display: flex; flex-direction: row; padding: 10px;\">\r\n    <span style=\"flex:3\"><b>2 os typu Superior<\/b><\/span>\r\n    <span style=\"flex:1\">320<\/span> \r\n      <span style=\"flex:1\">360<\/span>\r\n      <span style=\"flex:1\">400<\/span>\r\n    <span style=\"flex:1\">370<\/span>\r\n    <span style=\"flex:1\">320<\/span>\r\n    <span style=\"flex:1\">-<\/span>\r\n    \r\n  <\/div> \r\n<div style=\"width:100%; display: flex; flex-direction: row; background-color: rgba(0, 0, 0, 0.1); padding: 10px;\">\r\n    <span style=\"flex:3\"><b>2 os typu Deluxe<\/b><\/span>\r\n    <span style=\"flex:1\">340<\/span> \r\n      <span style=\"flex:1\">380<\/span>\r\n          <span style=\"flex:1\">420<\/span>\r\n    <span style=\"flex:1\">390<\/span>\r\n    <span style=\"flex:1\">340<\/span>\r\n    <span style=\"flex:1\">-<\/span>\r\n\r\n  <\/div>  \r\n<div style=\"width:100%; display: flex; flex-direction: row; padding: 10px;\">\r\n    <span style=\"flex:3\"><b>2 os z dostawk\u0105<\/b><\/span>\r\n    <span style=\"flex:1\">350<\/span> \r\n      <span style=\"flex:1\">410<\/span>\r\n       <span style=\"flex:1\">450<\/span>\r\n    <span style=\"flex:1\">420<\/span>\r\n    <span style=\"flex:1\">340<\/span>\r\n    <span style=\"flex:1\">-<\/span>\r\n   \r\n  <\/div> \r\n<div style=\"width:100%; display: flex; flex-direction: row; background-color: rgba(0, 0, 0, 0.1); padding: 10px;;\">\r\n    <span style=\"flex:3\"><b>3 os typu Deluxe<\/b><\/span>\r\n    <span style=\"flex:1\">370<\/span> \r\n      <span style=\"flex:1\">450<\/span>\r\n      <span style=\"flex:1\">480<\/span>\r\n    <span style=\"flex:1\">460<\/span>\r\n    <span style=\"flex:1\">360<\/span>\r\n    <span style=\"flex:1\">-<\/span>\r\n    \r\n  <\/div>\r\n<div style=\"width:100%; display: flex; flex-direction: row; padding :10px;\">\r\n    <span style=\"flex:3\"><b>4 os <\/b><\/span>\r\n    <span style=\"flex:1\">390<\/span> \r\n      <span style=\"flex:1\">490<\/span>\r\n         <span style=\"flex:1\">560<\/span>\r\n    <span style=\"flex:1\">520<\/span>\r\n    <span style=\"flex:1\">390<\/span>\r\n    <span style=\"flex:1\">-<\/span>\r\n \r\n  <\/div>\r\n        \r\n        \r\n    <div style=\"width:100%; display: flex; flex-direction: row; background-color: rgba(0, 0, 0, 0.1); padding: 10px;\">\r\n    <span style=\"flex:3\"><b>Apartament  typu Deluxe <br>\r\n    2-pokojowy<\/b><\/span>\r\n    <span style=\"flex:1\">420<\/span> \r\n      <span style=\"flex:1\">550<\/span>\r\n       <span style=\"flex:1\">650<\/span>\r\n    <span style=\"flex:1\">590<\/span>\r\n    <span style=\"flex:1\">420<\/span>\r\n    <span style=\"flex:1\">-<\/span>\r\n   \r\n  <\/div>\t\t<\/div>\n\t\t\t\t<\/div>\n\t\t\t\t<div class=\"elementor-element elementor-element-a897157 elementor-widget elementor-widget-html\" data-id=\"a897157\" data-element_type=\"widget\" data-widget_type=\"html.default\">\n\t\t\t\t<div class=\"elementor-widget-container\">\n\t\t\t<section p style=\"font-size: 15px;\">\r\n    <h5>Doba hotelowa 16:00 - 11:00<\/h5>\r\n    \r\n    \r\n<p>\r\n    \r\n    <u>Ceny dotycz\u0105 pokoju i nie podlegaj\u0105 negocjacji. <\/u><br>\r\n    Cena zawiera \u015bniadanie w formie bufetu, op\u0142at\u0119 klimatyczn\u0105 oraz podatek VAT.<br>\r\n***<br>Pensjonat przyjazny psom! Prosimy o wcze\u015bniejsze zg\u0142oszenie pobytu pupila. Obowi\u0105zuje dodatkowa op\u0142ata oraz akceptacja regulaminu.\r\n<br>***\r\n    \r\n<br>Przy pobycie 2 os\u00f3b doros\u0142ych - dziecko do 2 lat bezp\u0142atnie bez \u015bwiadcze\u0144.<br>\r\nUdost\u0119pniamy \u0142\u00f3\u017ceczka turystyczne bez wyposa\u017cenia w cenie 10 z\u0142\/doba.<br>\r\n     Pokoje dost\u0119pne z balkonem lub tarasem.<br>\r\n    Dodatkowa osoba w pokoju 70-100z\u0142 \/ doba na obecnych \u0142\u00f3\u017ckach. <br>Dodatkowe \u015bniadanie 45 z\u0142 \/ osoba.<br>\r\nPolecamy r\u00f3wnie\u017c nasz\u0105 restauracj\u0119 z ofert\u0105 obiadow\u0105 w formie karty da\u0144. <br>\r\n   \r\nCennik obejmuje minimalne ceny za pok\u00f3j za dob\u0119 przy pobycie min. 6-dniowym.<br>\r\nW przypadku kr\u00f3tszego pobytu obowi\u0105zuje dop\u0142ata, wyliczana indywidualnie. <br>\r\n<\/p>\r\n\r\n    \r\n\r\n\r\n<p>Potwierdzeniem rezerwacji jest wp\u0142ata zadatku w wysoko\u015bci oko\u0142o 30% ca\u0142ego pobytu lub w wysoko\u015bci minimum 1 doby przy kr\u00f3tszym terninie i  wyliczany\r\nindywidualnie. Pozosta\u0142a kwota p\u0142atna got\u00f3wk\u0105 na miejscu w dniu zakwaterowania.<br \/>\r\n<br>\r\nGo\u015b\u0107 mo\u017ce bezp\u0142atnie odwo\u0142a\u0107 rezerwacj\u0119 lub zmieni\u0107 termin w ramach dost\u0119pno\u015bci do 60 dni przed przyjazdem.\r\nW przypadku rezygnacji poni\u017cej 60 dni lub skr\u00f3cenia zarezerwowanego pobytu, Go\u015bciom nie przys\u0142uguje\r\nzwrot za niewykorzystane noclegi.<br>\r\nW przypadku zakupionej oferty pakietu promocyjnego z wy\u017cywieniem lub oferty bezzwrotnej przez portal booking.com, bezp\u0142atna anulacja nie jest\r\nmo\u017cliwa i okres bezp\u0142atnej anulacji nie obowi\u0105zuje. Wp\u0142ata zadatku jest jednoznaczna z akceptacj\u0105 regulaminu.<br \/><br>\r\n\r\n\r\n <b>Dane do przelewu:<\/b><br \/>\r\n\r\n        <u>(W tytule prosimy poda\u0107 nazwisko, na kt\u00f3re jest rezerwacja i dat\u0119 pobytu)<\/u><br \/>\r\n        SOLAR<br \/>\r\n         ul. Stokrotki 2<br>84-105 Karwia,<br>Numer konta: <br>\r\n        <b>93 1160 2202 0000 0005 5732 2233<\/b><br \/><b>Bank Millennium S.A.<\/b><br>\r\nIBAN: PL 93 1160 2202 0000 0005 5732 2233<br \/>\r\nSWIFT: BIGBPLPW<\/p><\/section>\t\t<\/div>\n\t\t\t\t<\/div>\n\t\t\t\t\t<\/div>\n\t\t<\/div>\n\t\t\t\t\t\t\t<\/div>\n\t\t<\/section>\n\t\t\t\t\t\t<\/div>\n\t\t\t\t\t<\/div>\n\t\t","protected":false},"excerpt":{"rendered":"<p>cennik 2026 POKOJE 1 &#8211; 19.06 20.06- 5.07 6.07-23.08 24.08-31.08 1-13.09 &#8211; 2 os typu Standard 300 340 380 350 300 &#8211; 2 os typu &hellip; <\/p>\n","protected":false},"author":1,"featured_media":0,"parent":0,"menu_order":0,"comment_status":"closed","ping_status":"closed","template":"","meta":[],"_links":{"self":[{"href":"http:\/\/www.solar-karwia.pl\/index.php\/wp-json\/wp\/v2\/pages\/21"}],"collection":[{"href":"http:\/\/www.solar-karwia.pl\/index.php\/wp-json\/wp\/v2\/pages"}],"about":[{"href":"http:\/\/www.solar-karwia.pl\/index.php\/wp-json\/wp\/v2\/types\/page"}],"author":[{"embeddable":true,"href":"http:\/\/www.solar-karwia.pl\/index.php\/wp-json\/wp\/v2\/users\/1"}],"replies":[{"embeddable":true,"href":"http:\/\/www.solar-karwia.pl\/index.php\/wp-json\/wp\/v2\/comments?post=21"}],"version-history":[{"count":278,"href":"http:\/\/www.solar-karwia.pl\/index.php\/wp-json\/wp\/v2\/pages\/21\/revisions"}],"predecessor-version":[{"id":806,"href":"http:\/\/www.solar-karwia.pl\/index.php\/wp-json\/wp\/v2\/pages\/21\/revisions\/806"}],"wp:attachment":[{"href":"http:\/\/www.solar-karwia.pl\/index.php\/wp-json\/wp\/v2\/media?parent=21"}],"curies":[{"name":"wp","href":"https:\/\/api.w.org\/{rel}","templated":true}]}}